{"id":73,"date":"2020-03-04T09:45:40","date_gmt":"2020-03-04T09:45:40","guid":{"rendered":"http:\/\/moduiak.ch.summer.ch-meta.net\/?page_id=73"},"modified":"2025-09-23T08:52:49","modified_gmt":"2025-09-23T08:52:49","slug":"ausbildung","status":"publish","type":"page","link":"https:\/\/moduiak.ch\/","title":{"rendered":"Ausbildung"},"content":{"rendered":"\n<hr class=\"wp-block-separator aligncenter has-alpha-channel-opacity is-style-wide\"\/>\n\n\n\n<h3 class=\"wp-block-heading\">Modularisierter Bildungsgang Katechetin\/Katechet mit Fachausweis<\/h3>\n\n\n\n<p>Der n\u00e4chste Ausbildungsgang startet 2026 bis 2029    <a href=\"https:\/\/moduiak.ch\/wp-content\/uploads\/2025\/06\/Modulplanungen_2026_2029-1.pdf\" target=\"_blank\" rel=\"noreferrer noopener\">\u00dcbersicht Modulplanung<\/a><\/p>\n\n\n\n<p>Die Ausbildung zur Katechetin \/ zum Katecheten mit Fachausweis ist eine vielf\u00e4ltige und spannende Herausforderung. <strong>Die Voraussetzungen f\u00fcr die Aufnahme in den Lehrgang finden Sie <a href=\"https:\/\/moduiak.ch\/wp-content\/uploads\/2024\/11\/Voraussetzungen.pdf\" target=\"_blank\" rel=\"noreferrer noopener\">hier. <\/a><\/strong><br>Mit dem neunen Ausbildungsgang 2026 ver\u00e4ndert sich der Aufbau der Ausbildung. Die Module sind praxisnah und richten sich nach dem neuen deutschschweizerischen Berufsbild f\u00fcr Katechet*innen. Bereits w\u00e4hrend der Ausbildung ist man in der Regel in einer Pfarrei im Bereich Katechese \/ Religionsunterricht in einem Teilpensum t\u00e4tig.<\/p>\n\n\n\n<p>Die Ausbildung ist modular aufgebaut und kann in rund drei Jahren abgeschlossen werden.<\/p>\n\n\n\n<figure class=\"wp-block-image size-large\"><img loading=\"lazy\" decoding=\"async\" width=\"1024\" height=\"518\" src=\"https:\/\/moduiak.ch\/wp-content\/uploads\/2024\/11\/image-1-1024x518.png\" alt=\"\" class=\"wp-image-1351\" srcset=\"https:\/\/moduiak.ch\/wp-content\/uploads\/2024\/11\/image-1-1024x518.png 1024w, https:\/\/moduiak.ch\/wp-content\/uploads\/2024\/11\/image-1-300x152.png 300w, https:\/\/moduiak.ch\/wp-content\/uploads\/2024\/11\/image-1-768x388.png 768w, https:\/\/moduiak.ch\/wp-content\/uploads\/2024\/11\/image-1.png 1432w\" sizes=\"auto, (max-width: 1024px) 100vw, 1024px\" \/><\/figure>\n\n\n\n<p><br>F\u00fcr weitere Informationen zur Ausbildung bei Modu-IAK melden Sie sich bitte beim <a href=\"mailto:sekretariat@moduiak.ch\" data-type=\"link\" data-id=\"sekretariat@moduiak.ch\">Sekretariat<\/a> oder auf einer <a href=\"https:\/\/moduiak.ch\/?page_id=52\" data-type=\"page\" data-id=\"52\" target=\"_blank\" rel=\"noreferrer noopener\">Fachstelle <\/a>in Ihrer N\u00e4he. Wir freuen uns auf Sie.<\/p>\n\n\n\n<p>Mehr Informationen zu den Inhalten der einzelnen Module finden Sie <a href=\"https:\/\/formodula.spi-sg.ch\/katechetin-mit-fachausweis\/\" target=\"_blank\" rel=\"noreferrer noopener\">hier. <\/a><\/p>\n\n\n\n<p>Nach dem erfolgreichen Absolvieren aller Pflichtmodule sowie von mindestens zwei Wahlpflichtmodulen schliesst der Ausbildungsgang mit dem Fachtitel: <strong>Katechetin\/Katechet mit Fachausweis<\/strong> ab.<\/p>\n\n\n\n<p><\/p>\n\n\n\n<p>Die Gesamtkosten belaufen sich auf ca. Fr. 6&#8217;500.&#8211; \/ aufgeteilt auf drei Jahre.<br>F\u00fcr finanzielle Unterst\u00fctzung fragen Sie uns auf dem Sekretariat an.<\/p>\n\n\n\n<p><strong>Formular f\u00fcr das Aufnahmeverfahren<\/strong>: <a href=\"https:\/\/moduiak.ch\/wp-content\/uploads\/2025\/05\/anmeldung-aufnahmeverfahren_31a.docx\" target=\"_blank\" rel=\"noreferrer noopener\">Word-Formular<\/a><\/p>\n\n\n\n<p><strong>Gleichwertigkeitsverfahren<\/strong><br>Bereits erworbene Kompetenzen aus anderen kirchlichen und p\u00e4dagogischen Ausbildungsg\u00e4ngen werden mittels eines Gleichwertigkeitsverfahrens eruiert. Weitere Informationen erhalten Sie bei der Ausbildungsleitung.<\/p>\n\n\n\n<p><\/p>\n\n\n\n<p>Informationen f\u00fcr eine Zusatzqualifizierung f\u00fcr spezifische Aufgabenbereiche in der Katechese oder f\u00fcr den Fachausweis Kirchliche Jugendarbeit finden Sie hier: <a href=\"http:\/\/www.formodula.ch\/\" target=\"_blank\" rel=\"noreferrer noopener\">www.formodula.ch<\/a><\/p>\n\n\n\n<p><\/p>\n\n\n\n<p><\/p>\n","protected":false},"excerpt":{"rendered":"<p>Modularisierter Bildungsgang Katechetin\/Katechet mit Fachausweis Der n\u00e4chste Ausbildungsgang startet 2026 bis 2029 \u00dcbersicht Modulplanung Die Ausbildung zur Katechetin \/ zum Katecheten mit Fachausweis ist eine &hellip; <\/p>\n","protected":false},"author":1,"featured_media":0,"parent":0,"menu_order":0,"comment_status":"closed","ping_status":"closed","template":"","meta":{"footnotes":""},"class_list":["post-73","page","type-page","status-publish","hentry"],"_links":{"self":[{"href":"https:\/\/moduiak.ch\/index.php?rest_route=\/wp\/v2\/pages\/73","targetHints":{"allow":["GET"]}}],"collection":[{"href":"https:\/\/moduiak.ch\/index.php?rest_route=\/wp\/v2\/pages"}],"about":[{"href":"https:\/\/moduiak.ch\/index.php?rest_route=\/wp\/v2\/types\/page"}],"author":[{"embeddable":true,"href":"https:\/\/moduiak.ch\/index.php?rest_route=\/wp\/v2\/users\/1"}],"replies":[{"embeddable":true,"href":"https:\/\/moduiak.ch\/index.php?rest_route=%2Fwp%2Fv2%2Fcomments&post=73"}],"version-history":[{"count":83,"href":"https:\/\/moduiak.ch\/index.php?rest_route=\/wp\/v2\/pages\/73\/revisions"}],"predecessor-version":[{"id":1538,"href":"https:\/\/moduiak.ch\/index.php?rest_route=\/wp\/v2\/pages\/73\/revisions\/1538"}],"wp:attachment":[{"href":"https:\/\/moduiak.ch\/index.php?rest_route=%2Fwp%2Fv2%2Fmedia&parent=73"}],"curies":[{"name":"wp","href":"https:\/\/api.w.org\/{rel}","templated":true}]}}

<hr class="wp-block-separator aligncenter has-alpha-channel-opacity is-style-wide"/>



<h3 class="wp-block-heading">Modularisierter Bildungsgang Katechetin/Katechet mit Fachausweis</h3>



<p>Der nächste Ausbildungsgang startet 2026 bis 2029    <a href="https://moduiak.ch/wp-content/uploads/2025/06/Modulplanungen_2026_2029-1.pdf" target="_blank" rel="noreferrer noopener">Übersicht Modulplanung</a></p>



<p>Die Ausbildung zur Katechetin / zum Katecheten mit Fachausweis ist eine vielfältige und spannende Herausforderung. <strong>Die Voraussetzungen für die Aufnahme in den Lehrgang finden Sie <a href="https://moduiak.ch/wp-content/uploads/2024/11/Voraussetzungen.pdf" target="_blank" rel="noreferrer noopener">hier. </a></strong><br>Mit dem neunen Ausbildungsgang 2026 verändert sich der Aufbau der Ausbildung. Die Module sind praxisnah und richten sich nach dem neuen deutschschweizerischen Berufsbild für Katechet*innen. Bereits während der Ausbildung ist man in der Regel in einer Pfarrei im Bereich Katechese / Religionsunterricht in einem Teilpensum tätig.</p>



<p>Die Ausbildung ist modular aufgebaut und kann in rund drei Jahren abgeschlossen werden.</p>



<figure class="wp-block-image size-large"><img loading="lazy" decoding="async" width="1024" height="518" src="https://moduiak.ch/wp-content/uploads/2024/11/image-1-1024x518.png" alt="" class="wp-image-1351" srcset="https://moduiak.ch/wp-content/uploads/2024/11/image-1-1024x518.png 1024w, https://moduiak.ch/wp-content/uploads/2024/11/image-1-300x152.png 300w, https://moduiak.ch/wp-content/uploads/2024/11/image-1-768x388.png 768w, https://moduiak.ch/wp-content/uploads/2024/11/image-1.png 1432w" sizes="auto, (max-width: 1024px) 100vw, 1024px" /></figure>



<p><br>Für weitere Informationen zur Ausbildung bei Modu-IAK melden Sie sich bitte beim <a href="mailto:sekretariat@moduiak.ch" data-type="link" data-id="sekretariat@moduiak.ch">Sekretariat</a> oder auf einer <a href="https://moduiak.ch/?page_id=52" data-type="page" data-id="52" target="_blank" rel="noreferrer noopener">Fachstelle </a>in Ihrer Nähe. Wir freuen uns auf Sie.</p>



<p>Mehr Informationen zu den Inhalten der einzelnen Module finden Sie <a href="https://formodula.spi-sg.ch/katechetin-mit-fachausweis/" target="_blank" rel="noreferrer noopener">hier. </a></p>



<p>Nach dem erfolgreichen Absolvieren aller Pflichtmodule sowie von mindestens zwei Wahlpflichtmodulen schliesst der Ausbildungsgang mit dem Fachtitel: <strong>Katechetin/Katechet mit Fachausweis</strong> ab.</p>



<p></p>



<p>Die Gesamtkosten belaufen sich auf ca. Fr. 6&#8217;500.&#8211; / aufgeteilt auf drei Jahre.<br>Für finanzielle Unterstützung fragen Sie uns auf dem Sekretariat an.</p>



<p><strong>Formular für das Aufnahmeverfahren</strong>: <a href="https://moduiak.ch/wp-content/uploads/2025/05/anmeldung-aufnahmeverfahren_31a.docx" target="_blank" rel="noreferrer noopener">Word-Formular</a></p>



<p><strong>Gleichwertigkeitsverfahren</strong><br>Bereits erworbene Kompetenzen aus anderen kirchlichen und pädagogischen Ausbildungsgängen werden mittels eines Gleichwertigkeitsverfahrens eruiert. Weitere Informationen erhalten Sie bei der Ausbildungsleitung.</p>



<p></p>



<p>Informationen für eine Zusatzqualifizierung für spezifische Aufgabenbereiche in der Katechese oder für den Fachausweis Kirchliche Jugendarbeit finden Sie hier: <a href="http://www.formodula.ch/" target="_blank" rel="noreferrer noopener">www.formodula.ch</a></p>



<p></p>



<p></p>

<p>Modularisierter Bildungsgang Katechetin/Katechet mit Fachausweis Der nächste Ausbildungsgang startet 2026 bis 2029 Übersicht Modulplanung Die Ausbildung zur Katechetin / zum Katecheten mit Fachausweis ist eine &hellip; </p>
