{"id":66,"date":"2020-03-04T09:38:49","date_gmt":"2020-03-04T09:38:49","guid":{"rendered":"http:\/\/moduiak.ch.summer.ch-meta.net\/?page_id=66"},"modified":"2025-12-17T07:55:08","modified_gmt":"2025-12-17T07:55:08","slug":"konkordatsrat","status":"publish","type":"page","link":"https:\/\/moduiak.ch\/?page_id=66","title":{"rendered":"Konkordatsrat"},"content":{"rendered":"\n<p>Silvia Limacher R\u00f6thlin, <em>Pr\u00e4sidentin Konkordatsrat<\/em>, Verband der R\u00f6misch-Katholischen Kirchgemeinden Obwalden<br>Gregor Schwander, R\u00f6misch-katholische Landeskirche Nidwalden<br>B\u00fcrgi Vreni, R\u00f6misch-katholische Kantonalkirche Schwyz<br>Karin Christen, R\u00f6misch-Katholische Landeskirche Uri<br>Renate Falk-Fritschi,VKKZ Vereinigung kath. Kirchgemeinden Kanton Zug<br>GV Bernhard Willi, Bistum Chur Generalvikariat Urschweiz<br>Bischofsvikar Hanspeter Wasmer, Bistumsregion St. Viktor, Bistum Basel<br>Nicola Arnold, Bildungsleitung Modu-IAK<br>Br\u00e4ndle Silvia, Bildungsleitung Modu-IAK<\/p>\n\n\n\n<p><strong>Koordinationsrat Modu-ZAK &#8211; Luzern<\/strong><br>Claudio Spescha, Synodalrat Ressort Religi\u00f6se Bildung, R\u00f6misch-katholische Landeskirche Luzern<br>Gander-Th\u00fcr Gregor, Leitung Fachbereiche, R\u00f6misch-katholische Landeskirche Luzern<br>Odermatt Gabrijella, Fachverantwortliche Religionsunterricht und Katechese, R\u00f6misch-katholische Landeskirche Luzern&nbsp;<\/p>\n\n\n\n<p><\/p>\n","protected":false},"excerpt":{"rendered":"<p>Silvia Limacher R\u00f6thlin, Pr\u00e4sidentin Konkordatsrat, Verband der R\u00f6misch-Katholischen Kirchgemeinden ObwaldenGregor Schwander, R\u00f6misch-katholische Landeskirche NidwaldenB\u00fcrgi Vreni, R\u00f6misch-katholische Kantonalkirche SchwyzKarin Christen, R\u00f6misch-Katholische Landeskirche UriRenate Falk-Fritschi,VKKZ Vereinigung kath. &hellip; <\/p>\n","protected":false},"author":1,"featured_media":0,"parent":6,"menu_order":0,"comment_status":"closed","ping_status":"closed","template":"","meta":{"footnotes":""},"class_list":["post-66","page","type-page","status-publish","hentry"],"_links":{"self":[{"href":"https:\/\/moduiak.ch\/index.php?rest_route=\/wp\/v2\/pages\/66","targetHints":{"allow":["GET"]}}],"collection":[{"href":"https:\/\/moduiak.ch\/index.php?rest_route=\/wp\/v2\/pages"}],"about":[{"href":"https:\/\/moduiak.ch\/index.php?rest_route=\/wp\/v2\/types\/page"}],"author":[{"embeddable":true,"href":"https:\/\/moduiak.ch\/index.php?rest_route=\/wp\/v2\/users\/1"}],"replies":[{"embeddable":true,"href":"https:\/\/moduiak.ch\/index.php?rest_route=%2Fwp%2Fv2%2Fcomments&post=66"}],"version-history":[{"count":23,"href":"https:\/\/moduiak.ch\/index.php?rest_route=\/wp\/v2\/pages\/66\/revisions"}],"predecessor-version":[{"id":1568,"href":"https:\/\/moduiak.ch\/index.php?rest_route=\/wp\/v2\/pages\/66\/revisions\/1568"}],"up":[{"embeddable":true,"href":"https:\/\/moduiak.ch\/index.php?rest_route=\/wp\/v2\/pages\/6"}],"wp:attachment":[{"href":"https:\/\/moduiak.ch\/index.php?rest_route=%2Fwp%2Fv2%2Fmedia&parent=66"}],"curies":[{"name":"wp","href":"https:\/\/api.w.org\/{rel}","templated":true}]}}

<p>Silvia Limacher Röthlin, <em>Präsidentin Konkordatsrat</em>, Verband der Römisch-Katholischen Kirchgemeinden Obwalden<br>Gregor Schwander, Römisch-katholische Landeskirche Nidwalden<br>Bürgi Vreni, Römisch-katholische Kantonalkirche Schwyz<br>Karin Christen, Römisch-Katholische Landeskirche Uri<br>Renate Falk-Fritschi,VKKZ Vereinigung kath. Kirchgemeinden Kanton Zug<br>GV Bernhard Willi, Bistum Chur Generalvikariat Urschweiz<br>Bischofsvikar Hanspeter Wasmer, Bistumsregion St. Viktor, Bistum Basel<br>Nicola Arnold, Bildungsleitung Modu-IAK<br>Brändle Silvia, Bildungsleitung Modu-IAK</p>



<p><strong>Koordinationsrat Modu-ZAK &#8211; Luzern</strong><br>Claudio Spescha, Synodalrat Ressort Religiöse Bildung, Römisch-katholische Landeskirche Luzern<br>Gander-Thür Gregor, Leitung Fachbereiche, Römisch-katholische Landeskirche Luzern<br>Odermatt Gabrijella, Fachverantwortliche Religionsunterricht und Katechese, Römisch-katholische Landeskirche Luzern&nbsp;</p>



<p></p>

<p>Silvia Limacher Röthlin, Präsidentin Konkordatsrat, Verband der Römisch-Katholischen Kirchgemeinden ObwaldenGregor Schwander, Römisch-katholische Landeskirche NidwaldenBürgi Vreni, Römisch-katholische Kantonalkirche SchwyzKarin Christen, Römisch-Katholische Landeskirche UriRenate Falk-Fritschi,VKKZ Vereinigung kath. &hellip; </p>
