{"id":103,"date":"2020-03-04T12:29:34","date_gmt":"2020-03-04T12:29:34","guid":{"rendered":"http:\/\/moduiak.ch.summer.ch-meta.net\/?page_id=103"},"modified":"2024-11-14T07:59:09","modified_gmt":"2024-11-14T07:59:09","slug":"berufseinfuehrung","status":"publish","type":"page","link":"https:\/\/moduiak.ch\/?page_id=103","title":{"rendered":"Berufseinf\u00fchrung"},"content":{"rendered":"\n<p>Die modularisierte Ausbildung Modu-IAK bef\u00e4higt die Abg\u00e4nger\/innen selbst\u00e4ndig Religionsunterricht vorzubereiten und durchzuf\u00fchren. <br>Die Berufseinf\u00fchrung dient der Einf\u00fchrung in die neue Berufspraxis und tr\u00e4gt zur Professionalisierung der Berufseinsteiger\/innen bei. Die Berufseinf\u00fchrung ist somit ein wichtiges Instrument der Qualit\u00e4tssicherung.<\/p>\n\n\n\n<div class=\"wp-block-group alignwide\"><div class=\"wp-block-group__inner-container is-layout-flow wp-block-group-is-layout-flow\"><\/div><\/div>\n\n\n\n<div class=\"wp-block-buttons is-layout-flex wp-block-buttons-is-layout-flex\">\n<div class=\"wp-block-button\"><a class=\"wp-block-button__link has-background wp-element-button\" href=\"https:\/\/moduiak.ch\/wp-content\/uploads\/2024\/01\/Konzept.pdf\" style=\"background-color:#b86ec5\" target=\"_blank\" rel=\"noreferrer noopener\">Konzept<\/a><\/div>\n<\/div>\n\n\n\n<p><\/p>\n\n\n\n<p><\/p>\n\n\n\n<div class=\"wp-block-buttons is-layout-flex wp-block-buttons-is-layout-flex\">\n<div class=\"wp-block-button\"><a class=\"wp-block-button__link has-background wp-element-button\" href=\"https:\/\/moduiak.ch\/wp-content\/uploads\/2024\/01\/Berufseinfuehrung_Info_Flyer.pdf\" style=\"background-color:#b86ec5\" target=\"_blank\" rel=\"noreferrer noopener\">Info Flyer 2024- 2026<\/a><\/div>\n<\/div>\n\n\n\n<p><\/p>\n\n\n\n<div class=\"wp-block-button\"><a class=\"wp-block-button__link has-background wp-element-button\" href=\"https:\/\/moduiak.ch\/wp-content\/uploads\/2024\/03\/Anmeldung_Berufseinfuehrung_2024.docx\" style=\"background-color:#b86ec5\" target=\"_blank\" rel=\"noreferrer noopener\">Anmeldung Berufseinf\u00fchrung<\/a><\/div>\n\n\n\n<p><\/p>\n","protected":false},"excerpt":{"rendered":"<p>Die modularisierte Ausbildung Modu-IAK bef\u00e4higt die Abg\u00e4nger\/innen selbst\u00e4ndig Religionsunterricht vorzubereiten und durchzuf\u00fchren. Die Berufseinf\u00fchrung dient der Einf\u00fchrung in die neue Berufspraxis und tr\u00e4gt zur Professionalisierung &hellip; <\/p>\n","protected":false},"author":1,"featured_media":0,"parent":0,"menu_order":0,"comment_status":"closed","ping_status":"closed","template":"","meta":{"footnotes":""},"class_list":["post-103","page","type-page","status-publish","hentry"],"_links":{"self":[{"href":"https:\/\/moduiak.ch\/index.php?rest_route=\/wp\/v2\/pages\/103","targetHints":{"allow":["GET"]}}],"collection":[{"href":"https:\/\/moduiak.ch\/index.php?rest_route=\/wp\/v2\/pages"}],"about":[{"href":"https:\/\/moduiak.ch\/index.php?rest_route=\/wp\/v2\/types\/page"}],"author":[{"embeddable":true,"href":"https:\/\/moduiak.ch\/index.php?rest_route=\/wp\/v2\/users\/1"}],"replies":[{"embeddable":true,"href":"https:\/\/moduiak.ch\/index.php?rest_route=%2Fwp%2Fv2%2Fcomments&post=103"}],"version-history":[{"count":20,"href":"https:\/\/moduiak.ch\/index.php?rest_route=\/wp\/v2\/pages\/103\/revisions"}],"predecessor-version":[{"id":1226,"href":"https:\/\/moduiak.ch\/index.php?rest_route=\/wp\/v2\/pages\/103\/revisions\/1226"}],"wp:attachment":[{"href":"https:\/\/moduiak.ch\/index.php?rest_route=%2Fwp%2Fv2%2Fmedia&parent=103"}],"curies":[{"name":"wp","href":"https:\/\/api.w.org\/{rel}","templated":true}]}}

Berufseinführung

<p>Die modularisierte Ausbildung Modu-IAK befähigt die Abgänger/innen selbständig Religionsunterricht vorzubereiten und durchzuführen. <br>Die Berufseinführung dient der Einführung in die neue Berufspraxis und trägt zur Professionalisierung der Berufseinsteiger/innen bei. Die Berufseinführung ist somit ein wichtiges Instrument der Qualitätssicherung.</p>



<div class="wp-block-group alignwide"><div class="wp-block-group__inner-container is-layout-flow wp-block-group-is-layout-flow"></div></div>



<div class="wp-block-buttons is-layout-flex wp-block-buttons-is-layout-flex">
<div class="wp-block-button"><a class="wp-block-button__link has-background wp-element-button" href="https://moduiak.ch/wp-content/uploads/2024/01/Konzept.pdf" style="background-color:#b86ec5" target="_blank" rel="noreferrer noopener">Konzept</a></div>
</div>



<p></p>



<p></p>



<div class="wp-block-buttons is-layout-flex wp-block-buttons-is-layout-flex">
<div class="wp-block-button"><a class="wp-block-button__link has-background wp-element-button" href="https://moduiak.ch/wp-content/uploads/2024/01/Berufseinfuehrung_Info_Flyer.pdf" style="background-color:#b86ec5" target="_blank" rel="noreferrer noopener">Info Flyer 2024- 2026</a></div>
</div>



<p></p>



<div class="wp-block-button"><a class="wp-block-button__link has-background wp-element-button" href="https://moduiak.ch/wp-content/uploads/2024/03/Anmeldung_Berufseinfuehrung_2024.docx" style="background-color:#b86ec5" target="_blank" rel="noreferrer noopener">Anmeldung Berufseinführung</a></div>



<p></p>

<p>Die modularisierte Ausbildung Modu-IAK befähigt die Abgänger/innen selbständig Religionsunterricht vorzubereiten und durchzuführen. Die Berufseinführung dient der Einführung in die neue Berufspraxis und trägt zur Professionalisierung &hellip; </p>
